b is divided by 9?
7
Suppose -4*n + 39 = -25. Let z(f) = 3*f - 3. What is the remainder when n is divided by z(4)?
7
Let v = -3 + 3. Suppose v = -4*f - 3*i + 1 + 21, -i - 18 = -5*f. What is the remainder when 14 is divided by f?
2
Let z(m) = m**2 - 2*m - 6. What is the remainder when 24 is divided by z(5)?
6
Let l(p) = -10*p + 1. Let m = 3 + 1. Suppose f + 2*f + 18 = -4*d, 0 = -4*f - m*d - 20. Calculate the remainder when l(f) is divided by 11.
10
Suppose 7 = 3*a - 2. What is the remainder when 5 is divided by a?
2
Suppose -3*q - 17 = 3*z + 79, -4*z = -4*q + 168. Let o = z - -53. What is the remainder when 45 is divided by o?
13
Calculate the remainder when (-2 - 0)/(4/(-14)) is divided by 4.
3
Let f = 70 - 38. Let h = f - 16. What is the remainder when 47 is divided by h?
15
Suppose m = -m + 26. Calculate the remainder when 23 is divided by m.
10
Calculate the remainder when 135 is divided by (30/5 + -26)*-1.
15
Suppose -2*x + 6*x + o - 36 = 0, 3*o = 5*x - 28. Let n(h) = -h**2 + 8*h + 4. Calculate the remainder when 7 is divided by n(x).
3
Let k(o) = -7*o**3 - 2*o**2 + 5*o - 3. Let s(i) = -6*i**3 - i**2 + 4*i - 3. Let y(r) = 5*k(r) - 6*s(r). What is the remainder when 11 is divided by y(4)?
4
Suppose 5*c = 9 + 161. Calculate the remainder when c is divided by ((-162)/(-6))/(6/4).
16
Let u = 79 + -19. Suppose 8*o = 3*o + u. Suppose -i - 3*y + 6*y + o = 0, 0 = -3*i - 3*y + 24. What is the remainder when 17 is divided by i?
8
Suppose 0 = 3*p - 1 + 4. Suppose -o - 1 = -14. What is the remainder when p/2*-2*37 is divided by o?
11
Let c(u) = u**2 - 2*u + 2. Let z be c(2). Let l = 26 - z. Suppose -2*g + l = -m, 3*m = 3*g + 2*m - 35. What is the remainder when g is divided by 4?
3
Suppose 212 = -29*d + 33*d. Calculate the remainder when d is divided by 14.
11
Let i = 20 + -6. Calculate the remainder when 53 is divided by i.
11
Suppose -4*x + 45 = -x. Suppose 3*q - x + 3 = 0. Calculate the remainder when 68/10 - (-1)/5 is divided by q.
3
Suppose -7*s + 304 - 66 = 0. Calculate the remainder when s is divided by 9.
7
Suppose -4*s - 4 = -16. Suppose -2*b = -s - 3. Calculate the remainder when b is divided by 3.
0
Suppose y - 99 = -0*y. What is the remainder when y is divided by 25?
24
Let p = -10 - -26. Let r = 21 + -15. What is the remainder when p is divided by r?
4
Let m = 54 + -34. Let w(g) = 2*g + 4. Let n be w(-4). Let z(k) = -2*k - 1. What is the remainder when m is divided by z(n)?
6
Let y(u) = u**2 - 4*u - 6. Suppose -2*b - 56 = -10*b. Calculate the remainder when y(-4) is divided by b.
5
Let o(q) = -q**2 - 10*q - 8. Let s be (8/12)/(4/(-42)). Calculate the remainder when 49 is divided by o(s).
10
Suppose u = 6*u - 25, 0 = -2*m - 4*u + 20. Suppose i + 0*i - 47 = m. Let y(b) = -b**2 + 12*b - 8. Calculate the remainder when i is divided by y(8).
23
What is the remainder when 44 is divided by (-5)/(-30) + (-267)/(-18)?
14
Calculate the remainder when ((-6)/(-10))/(3/165) is divided by 13.
7
Suppose -5*k + 2*r + 78 = 3*r, -3*r + 9 = 0. Let t = -87 - -145. Calculate the remainder when t is divided by k.
13
Suppose 88 = 2*a - 4*b + b, -31 = -a - 5*b. Calculate the remainder when a is divided by 9.
5
Let s = 6 + -9. Suppose -4*h = -4*p + 32, -6*p + p - 4*h + 67 = 0. What is the remainder when 25 is divided by (-3)/(s/(-2)) + p?
7
Suppose 78 = 2*r + r. Let x be (0 + 1)*(-10 + 6). Let t(l) = 2*l**2 + 5*l + 2. Calculate the remainder when r is divided by t(x).
12
Let j be 2/(-9) - (-136)/(-36). Let g be (-2)/5 - 32/(-5). Let v = g + j. Calculate the remainder when 3 is divided by v.
1
Let f = -25 + 30. Calculate the remainder when 9 is divided by f.
4
Let u(a) = -a + 1 - a + 0*a. Suppose -2 = 2*c + 2. Calculate the remainder when 13 is divided by u(c).
3
Let x(j) = 9*j**2 - 4*j - 3. Suppose -3*k + k = -5*o - 21, -4*o - 16 = -2*k. Let f(v) = 15*v**2 - v. What is the remainder when x(k) is divided by f(1)?
13
What is the remainder when 69 is divided by -2 + (11 + 2 - 1)?
9
Let b be 23/1 + (0 - -2). Suppose r - b = 26. Calculate the remainder when (r/2)/((-6)/(-8)) is divided by 12.
10
Let x(n) = -n**3 + 8*n**2 - n + 10. Let c be x(8). Suppose -2*q = c, -5*a - 5*q - 79 = -3*a. Let f = -15 - a. Calculate the remainder when f is divided by 12.
10
Let h be 2/5 + (-27)/5. Let r be (-105 + h)*1/1. Calculate the remainder when r/(-4) - 3/6 is divided by 14.
13
Let w = 136 + -90. Let g = w - 33. Calculate the remainder when 38 is divided by g.
12
Suppose 287 - 121 = 2*y. Calculate the remainder when y is divided by 27.
2
Suppose z - 8 = 5*z, -2 = 4*l + 5*z. Calculate the remainder when l is divided by 2 - 5 - (-2 - 2).
0
Let s = 1 - -4. Let i(j) = 3*j - 1. Suppose 3*z + 0 - 9 = 0. What is the remainder when i(z) is divided by s?
3
Let z = 227 + -158. What is the remainder when z is divided by 18?
15
Suppose -2*g = -5*g + 204. Calculate the remainder when g is divided by 24.
20
Suppose p = a - 3*p - 17, 4*a = -3*p + 68. Calculate the remainder when 48 is divided by a.
14
Let f = 23 - 7. What is the remainder when 61 is divided by f?
13
Let x = -7 + 8. Let u be (-1)/2*2 - x. What is the remainder when 34 - (u + -1 + 4) is divided by 17?
16
Suppose -5*x + 3*g + 51 = 2*g, -5*x + 63 = 2*g. Suppose s = 5*n + 8, -5*n + 2*n = 2*s - 3. What is the remainder when x is divided by s?
2
Suppose -15 = -3*r + 3. What is the remainder when 15 is divided by r?
3
Let t = 7 - 3. Suppose t*g + 4*u - 64 = -0, 0 = -2*g + 2*u + 36. Calculate the remainder when g is divided by 5.
2
Suppose -4*x + 4 = -3*x, -2*k - 5*x - 2 = 0. Let l = k + 18. Calculate the remainder when 12 is divided by l.
5
Let t(f) = -3*f**3 - 3*f**2 - 8*f - 10. Calculate the remainder when 68 is divided by t(-2).
14
Suppose 6*c - c - 40 = 0. Let w(r) = -r**2 + 15*r + 13. What is the remainder when w(15) is divided by c?
5
Let a(t) = t**2 - 11*t - 7. Let w be a(12). Suppose -3*p = 4*r - 0 + 4, 0 = w*r + 2*p - 2. Let f(z) = z - 1. What is the remainder when f(4) is divided by r?
1
Let g(f) = -f**3 - 7*f**2 - 9*f - 4. Let b = 2 + 3. What is the remainder when g(-6) is divided by b?
4
Suppose 3 + 105 = 4*c. What is the remainder when c is divided by 14?
13
Let j(l) = 20*l**2 - l - 1. Let z = -5 - -4. Calculate the remainder when ((-1)/2)/((-4)/936*3) is divided by j(z).
19
What is the remainder when 70 is divided by (9/(-6))/(2/(-24))?
16
Let r = 41 - 4. Let y(f) = -3*f - 1. Let v be y(-1). Calculate the remainder when r is divided by 1*(-26)/(0 - v).
11
Let m = 23 + -5. What is the remainder when 86 is divided by m?
14
Let b(h) = -h + 2. Suppose -2 = -2*v - 0*v. What is the remainder when b(-6) is divided by -6*(v - 9/6)?
2
Suppose -3*l + 398 = -5*y, -y + 5 = -0. What is the remainder when l is divided by 36?
33
Let w(r) = -r**2 - r + 2. Let v be w(-2). Let x = v - -7. Calculate the remainder when x is divided by 4.
3
Let c(p) = p + 12. Suppose -3*z = -11 - 22. What is the remainder when z is divided by c(-9)?
2
What is the remainder when 103 is divided by (-3)/(-9) - (3 + (-47)/3)?
12
Let o(n) = 7*n - 2 - 2*n + 2*n**2 - n**2. Calculate the remainder when 7 is divided by o(-6).
3
Let u = -17 + 25. Suppose 4*b = -12, -u = -d + 4*b + 16. Let y = -21 - -28. What is the remainder when d is divided by y?
5
Let k(t) = 5 + 9*t - 1 - t**2 - 2 - 4*t. What is the remainder when 4 is divided by k(5)?
0
Let z = -15 + 25. Suppose -5*b - z + 65 = 0. Calculate the remainder when b is divided by 7.
4
Suppose 5*b + v - 93 = 0, 0 = 5*b - 10*b - 3*v + 99. Calculate the remainder when 123 is divided by b.
15
Let f(n) = 11*n - 4. Let b(t) = -t**2 - t + 2. Let x be b(2). Let a be (-9)/2*x/6. Calculate the remainder when f(a) is divided by 15.
14
Let b(t) = t**2 - 10*t - 2. Calculate the remainder when 2 - 3/(3/(-31)) is divided by b(11).
6
Let r(z) = 2*z**3 - 4*z**2 + 9*z - 3. What is the remainder when r(4) is divided by 30?
7
Let b(c) = -c**3 - 9*c**2 - 10*c - 11. Let a(p) = p**3 - 2*p**2 + 3*p - 3. What is the remainder when b(-8) is divided by a(2)?
2
Suppose o = -5*t + 36, 5*t - 78 = 4*o - 22. What is the remainder when 58 is divided by t/20 + 146/10?
13
Let f(x) = 8*x - 1. Suppose o = -3*i + 14, -2*o - 10 = 3*o - 5*i. Let m(u) = 2*u - 4. Calculate the remainder when f(o) is divided by m(6).
7
Calculate the remainder when ((-33)/(-6)